 - (44 + 8 + -50 + 8).
19
Evaluate 0 + 0 + -55 + (-843 - -819).
-79
11 - -31 - 25 - -55 - 32
40
Evaluate 23 + 95 - (-3 - (-2 - 7)) - (-1 + 4).
109
-59 + 181 + -11 + -91
20
Evaluate -24 + 163 + -138 - -31.
32
6 + (-2 - (-30 + 19)) - 41
-26
Evaluate 6 + (7 - 31) + (-54 - -26 - -27).
-19
-26 - (-1 + (0 - -3) + (822 - 805))
-45
What is 5 - (-17 - (46 + -85))?
-17
Evaluate -9 + 70 + (43 - 69).
35
What is the value of 1 + -41 + (89 - (110 - 128))?
67
Calculate 81 + -68 + -4 + -10 + 0 - 1.
-2
What is -22 + 31 - -17 - (-14 + (6 - 1))?
35
Calculate (-5 - -13) + 6 + (17 - 11) + -18.
2
(-16 - 138) + 31 + 26 + -4
-101
Evaluate 53 - (1 - (-62 + 46)).
36
Calculate 29 + -89 + 22 + 49 - (-62 - (-3 + 2)).
72
-28 + (-205 - -187) + 0 + -31
-77
(-93 - -82) + (1 - -44) + -44 + 40
30
What is the value of 48 + (-3 - -7) - (-2 - -22 - (194 - 172))?
54
Calculate 135 + -5 + -261 + 182.
51
Calculate 214 + (20 - 43) - 61.
130
What is 32 + (-43 + -34 - -18)?
-27
Calculate 14 + -17 + -10 + 72.
59
(103 + -59 - 49) + (27 - 2)
20
Evaluate (2 - 4 - 4) + (1132 - 1139).
-13
Calculate 2 + -15 + -9 + (30 - (-6 - -22)).
-8
What is the value of 111 - (-5 - -66 - -37)?
13
Evaluate 3 + (49 - 89 - -79).
42
Calculate ((16 - 69) + 62 - (-1 + 12)) + -8 + 12.
2
What is 36 + (96 - (139 + 91))?
-98
(-15 - (-35 + 42)) + -2
-24
What is the value of 12 + -7 + -5 + 1 - (51 - 60)?
10
Calculate -7 + (-38 - -53) + -25 + -78.
-95
What is the value of -9 + (19 - 71 - 8 - -18) + -2 + 0?
-53
10 + (-22 - (-11 + -2)) + 7 - -3
11
Evaluate -50 - ((-24 - -19 - 15) + 4) - (-3 + 16).
-47
What is the value of 36 + -79 - (0 - (0 + -6) - 12)?
-37
What is the value of 140 + 4 - 81 - -12?
75
0 + 4 + -10 + 8 + (-2 - -3) + -6
-3
Calculate 20 + (-26 - 15) + -28 + -21.
-70
Calculate 41 - (14 - (-42 + -18)).
-33
What is the value of (335 - 310) + (-6 - (6 + -36))?
49
What is -22 - (4 + (-10 + 9 - 0) - 14)?
-11
(34 - (-5 - (-3 + -8))) + (-286 - -289)
31
What is -280 + -260 + 538 - (6 - 0)?
-8
Calculate 16 - (5 - ((-24 - -16) + -16)).
-13
Evaluate -105 - (-36 + 38 - -2 - -21).
-130
Calculate 4 - (-3 + 1) - (12 + -4 + -70 + 4).
64
What is -1259 + 1262 - ((0 + -2 - (-3 - -37)) + 3)?
36
Calculate -48 - (9 - (-1 - (8 - 13))) - (27 - 21).
-59
What is the value of (-22 + (5 - -1) + 11 - 6) + 43?
32
76 - 82 - (-3 + (1 - 0) + (-13 - -67))
-58
Evaluate 67 + (6 - 12) + (4 - (-2 + 1) - 11).
55
Evaluate -91 + (-115 - -119) + -19.
-106
Calculate 7 + 118 - (341 + -256).
40
18 + -46 + 2 - (4 + (1 + -2 - 7))
-22
Calculate 4347 + -4323 + (2 - 55).
-29
Calculate (6 - (57 - 30)) + 3 + -36.
-54
Evaluate 24 - (-5 - 26 - -87).
-32
-21 - ((-101 - -19 - -26) + -7)
42
Evaluate (-12 - -93 - 87) + -1 + 1.
-6
What is the value of 116 - (-79 - (31 + -211))?
15
Evaluate -1 - -13 - (-17 - ((20 - 15) + 4 + -22)).
16
Evaluate -56 + 30 + 19 - (-5 + 41).
-43
Calculate (-6 - (123 - -8) - -6) + -19 + 18 + -6.
-138
Evaluate 10 + (-3 - 19 - -3) + -20.
-29
-8 - (7 + -6 + -19 + -16)
26
What is -3 + 105 + -119 + (-4 - -1) + 96?
76
What is (3 - -79) + (21 - (-22 + -16 + 62))?
79
(96 - (-2 + 44)) + -6
48
Evaluate 1983 + -1978 - (1 + (1 - 3) - (51 + -102)).
-45
What is 18 + (-15 + (39 - 40) - (1 - 6)) - 78?
-71
Evaluate 92 - (3 - (47 + -94)).
42
What is (1 - 38) + 28 + (6 - 6) + -32?
-41
What is 2 + (-3 - -11) - (14 - (-18 + 7 + 14))?
-1
What is the value of (1 - 0 - 2) + (9 + -23 - -14) - -48?
47
What is the value of -25 - (-3 + 16 + -53) - 63?
-48
14 - (-79 - 3) - (-143 + 147)
92
Evaluate 240 + -217 + -1 + 7 + -114.
-85
What is 121 - -101 - 213 - (-1 - 45)?
55
What is 1 + -6 + 2 - ((-63 - -74) + -3)?
-11
What is the value of 2 + -4 + 8 - (26 - 9)?
-11
What is the value of 14 - (21 + 0 + 17) - 12?
-36
What is the value of -45 - ((-47 - -34) + -43)?
11
-7 + -1 - (-75 + 20 - -60)
-13
-27 + (14 - (-63 - -83))
-33
-35 - (-58 + 16 + -52)
59
What is 120 + -302 + -152 + 248?
-86
Evaluate -2 + -21 + (34 - 14) + -22.
-25
What is (3 - (-54 + 1)) + (-9 + -7 - -11) + 0?
51
-5 + 36 + 5 + 69 + 13 + -77
41
(0 - 6 - (-9 - 1)) + -23 + 25
6
What is the value of 56 + (18 - (26 - -26) - -24)?
46
What is the value of 41 - 9 - (5 + -99 - -9)?
117
What is -41 + 19 + (-22 - -11 - 6)?
-39
Evaluate -26 + 31 - (8 + -14 - -12) - -61.
60
Calculate (-8 - -115) + 829 + -922.
14
(-68 + 51 - -27) + -31
-21
What is (-113 - 2) + (1323 - 1287)?
-79
What is the value of 41 - (29 + -45 + 46 + 14)?
-3
Calculate 83 + -93 - 38 - -74.
26
Evaluate (-25 - -31) + 0 + 3 + 35.
44
What is 12 - 5 - 9 - -10 - (12 + -45 - -16)?
25
What is the value of -1 + (27 - 43) + (55 - 7)?
31
What is the value of 7 + -4 + -2 + (43 - (9 - (4 + -1)))?
38
Calculate -18 + 22 + -51 + 24 - (9 - 44).
12
-1174 - -1188 - (-2 + 38)
-22
What is 1 - (3 + -4) - (0 - (-57 - -55))?
0
What is the value of (-151 + 83 - -40) + 81?
53
Evaluate 6 - -18 - (28 + 1 + 34).
-39
What is 5 + (-3 - -7) + -1 - (0 + -8 - 38)?
54
Calculate 0 + -21 + (16 - (-56 - -47)).
4
1 + -1 + 10 + 3932 + -3916
26
Calculate 76 - (38 + -18 + -32 + 42).
46
Calculate 1 - -25 - (57 - (129 + -59)).
39
Calculate 6 + (7 - 11) + (8 - -1) + (8 - -2).
21
(35 - -2 - 13 - 37) + (15 - 2)
0
Calculate (3 + 10 - 11) + (125 - 45).
82
Evaluate -10 + (-10 + -26 - (7 - (-14 + 23))).
-44
What is the value of -136 + 169 + -54 + (3 - 18) + -3?
-39
What is the value of 71 + 12 + (5 - 21 - (15 + -17))?
69
(-20 + 31 - 28 - -76) + (-1 - 10)
48
Evaluate 8 + (3 - 25) + (-35 - 67 - (-2 + -4)).
-110
Calculate -15 + -13 + 21 + 5 + -35.
-37
What is the value of (-102 - -99) + 4 + -44 + -1?
-44
What is the value of 114 - 119 - 6 - ((73 - 3) + -4)?
-77
Evaluate (-6 - ((-19 - -12) + 12)) + (-1 - 6).
-18
What is -82 - (16 + (-22 - 67))?
-9
Evaluate 103 - (21 + (85 - 27)).
24
What is (-58 + 74 - -8) + -12?
12
39 + (39 + -53 - 2)
23
Evaluate (21 - (4 + -3 - ((10 - 0) + -21))) + -39.
-30
What is (-23 - (32 - 45)) + (7 - -55) + (4 - 1)?
55
Calculate (7 - (19 + 7)) + (-15 - 12) + 21.
-25
What is the value of (-163 - -150) + 65 + -150?
-98
What is the value of (10 - 4 - 11) + 1 + 3 + -339 + 363?
23
41 - (-14 - (-7 - 0)) - (12 - -3 - 7)
40
What is the value of -72 + 63 - (10 + -12 + -14)?
7
What is the value of -59 + 73 + -86 + 87?
15
What is -16 - (142 + -35 - 41)?
-82
What is (18 - 20) + 2 + 7 + -12 + 3?
-2
Evaluate -35 - 0 - (8 - (-16 + 29)).
-30
28 - (-417 + 459 - (0 - -22))
8
What is -36 + 1 - (61 - 106 - -56)?
-46
Calculate (-13 - -53 - -30) + -33.
37
What is (98 - 218 - -132) + 17?
29
Evaluate (-11 - (-2 + 13 - 11)) + 3.
-8
Calculate (-2269 - -2331) + (-2 - (-6 - 28)).
94
What is the value of 7 - 49 - 28 - -100?
30
Calculate (-1 - (17 + -5)) + 52 + (-11 - -13).
41
Evaluate -60 + (38 - -19) - (2 + -51 - 3).
49
(-10 - -102) + 18 + -7 + (-2 - (2 - 6))
105
-23 + (11 + -7 - 4) + (-1 - -7) + -4
-21
Evaluate -3 + 20 + (51 - (109 + -23)).
-18
What is -48 - (-49 - (-44 + 19))?
-24
What is 476 + -409 - ((6 - (-8 - -5)) + (1 - 0))?
57
What is -7 + (7 - (4 + 4 - -1)) + 1?
-8
What is -1 - (2 + -9) - (87 - (116 + 17))?
52
4 + (11 - 5) - 43 - 4
-37
What is the value of -1 + (63 - 23 - 26) + -1 + -24 + -86?
-98
Calculate 2 - (64 + 4 + -13) - (6 - 27).
-32
Evaluate -57 - (-16 + 4 - (-10 + 15 + -7)).
-47
Evaluate (-4 - -2) + (80 - 88) - (6 + -55).
39
What is the value of -15 - (16 + 5 + 0 + (-8 - 0))?
-28
What is 20 + 9 + 8 + -6?
31
Calculate 14 - (65 + -37 + 6) - (-81 - 0).
61
272 + -277 - (1 - 4) - -37
35
Calculate -20 - (-25 + (-18 - -17 - 6)).
12
Calculate (2079 - 2019) + 2 + -134.
-72
Calculate 42 + 1 + (2 + 1 - 4) + -860 + 850.
32
Calculate 63 + 3 + -12 + (15 - 25) + 4.
48
What is (-38 - 46) + 44 + 33?
-7
What is the value of (1 - -4) + 0 + (-31 + 86 - 0)?
60
-44 + (31 - (-6 + -6 - -19))
-20
What is -1 + 36 - (1 + 9 - 14 - 6)?
45
What is 87 + -51 - 72 - -38?
2
What is the value of (55 - (-7 + (-3 - -7))) + 2734 + -2725?
67
What is -7 - (-4 - -152) - (30 - (53 + -3))?
-135
What is the value of -15 + -43 - (-3 + 1) - (-869 - -868)?
-55
Evaluate (-76 + 101 - -64) + 65.
154
Evaluate 1021 + -1011 - (-2 - -20).
-8
Evaluate (-2 - -3 - (-16 - -78)) + -8.
-69
What is (-18 - 40 - ((-13 + 7 - -16) + -12)) + -2?
-58
What is the value of 59 - (57 + -12 + -7)?
21
What is the value of -43 - (0 + -54 + 67)?
-56
Calculate 22 + (1 + -3 + -14 - -9) + -6.
9
(-4 - -67) + (39 - 82)
20
5 - (3 + 63) - (734 - 740)
-55
Calculate (-1 - -10